lculate 7 + -9 + (0 + 147 - -1) - (-3383 + 3391).
138
Calculate -32 - (25 + 33 + -68) - -89.
67
What is 1 + 29 - (426 - 394)?
-2
Evaluate 46 - 50 - (5 - (5 + -5 + -6)).
-15
What is the value of 1 + (67 + -158 - -200)?
110
Evaluate (-96 - 18) + 55 - -92.
33
What is 6 - ((-29 - -36) + -2)?
1
What is -75 - (-1 - ((-1102 - -1111) + -2 + 0 + 1))?
-66
What is the value of -2 - 13 - (-8 + 25 - 16)?
-16
What is the value of -49 + -4 + 93 + -12?
28
97 + -50 - 71 - (-1 - -3)
-26
What is 70 + -133 + -34 + 63?
-34
Calculate (2 - 29 - (69 + (-37 - 41))) + 36.
18
What is 17 + -13 + (1 - -5) + 21 + -15?
16
(34 - 1) + -163 + -19 + 12
-137
Calculate -29 + (-31 - (-12 + -35)).
-13
What is the value of -10 - (29 + (-52 - -29)) - 65?
-81
Evaluate 1 - (281 + -262 + (95 - -1) + -21).
-93
What is 2 + (-45 - -34) + -11?
-20
Calculate -309 + 263 - (-83 + 9 + -14).
42
(-68 - -44) + (42 - -1)
19
(11 - -11) + (-6 - -10 - -8)
34
Evaluate 30 - (18 + -16 + 62).
-34
Calculate 8 + 71 - (8 - ((9 - 5) + 1)).
76
What is the value of 35 - (-1 + -23 + (-671 - -856))?
-126
What is the value of 4 + 42 + -9 + (1 - -1) + -4?
35
2370 + -2451 - (-154 - 2)
75
101 - (86 + -83 + -26 - (1 - 4))
121
Evaluate 16 + -12 - -86 - (-20 + (1 - 6 - -13)).
102
What is the value of 24 + -31 + 37 + -115 + 18?
-67
(-3 + 68 - (-24 + 36 - 22)) + 25
100
What is (-79 - (-34 - 82)) + 0 + (3 - 3 - 6)?
31
Calculate ((14 - 2) + (-160 - -161) - 8) + -126.
-121
What is (6 - -26) + -12 + (-10 - -10)?
20
0 - (2 + -16) - ((17 - -1) + -52 + -6)
54
(10 - (-32 - -51)) + 41 + -1
31
What is -38 - (24 + 6 + -103 + -13)?
48
What is 33 + -22 + 42 + -1 + (-118 - -61) + 58?
53
Calculate -1 - (5 + -1 - 12) - (33 + 6).
-32
Calculate (2 + -15 - ((32 - -28) + -74)) + 9.
10
What is (-514 - -425) + -10 + 77?
-22
Evaluate 47 + -4 + (5 + -1 - 30).
17
What is the value of -12 + (-4 + 10 + 2 + -7 - -11)?
0
What is the value of 562 + -644 + -2 + 4?
-80
What is 9 + -3 + 13 + 0 + -56 + 8?
-29
Evaluate -1513 + 1548 - (42 - 0).
-7
What is the value of -83 + 7 + 57 + -52?
-71
What is (-2 - (8 + 2)) + (59 - -75 - 74)?
48
What is (82 - (-20 - -9 - -2)) + (-1 - (-2 + -13))?
105
What is (-15 - (-10 + 9)) + 61 + -1 + 8?
54
What is the value of 8 + (21 + -48 + -33 - (2 + -12))?
-42
What is the value of 12 + (6 + -39 - -3 - -7) - 50?
-61
What is the value of -3 - (-13 + 87 + 11 + -1 - 22)?
-65
What is -21 + -17 + 50 + 15 + 22?
49
-29 + 16 + 25 + -11 + 14 + 3
18
75 + (1 - -1 - 1) + 1 - (-467 + 474)
70
Evaluate 35 + -13 + 32 + (-6 - -14) + 8.
70
What is (-2 - 40) + 24 - -26?
8
What is -34 + -18 + -7 + 47 + -17?
-29
Calculate 2 + -16 + 22 + (6 - -5).
19
What is 423 + -431 + (0 - 0) + (-7 - -54)?
39
What is (-11 + 1 - (9 + -35 - -41)) + 6?
-19
What is -282 + -51 + 365 - (-1 - 43)?
76
Calculate 51 - (-38 - -27 - -46) - 46.
-30
What is the value of (31 - 24) + -3 + -2 - (7 + 6 + -16)?
5
Evaluate (98 - (-8 - -117)) + (100 - (3 + -3 + 3)).
86
-90 - (50 - 3 - 254)
117
13 + (147 - 67 - 55)
38
Evaluate (-19 + 8 + -31 - -27) + 34.
19
Calculate -7 + 1 + -2 + (-12 - (-13 - -2) - -2).
-7
Calculate -1 + -23 + (-16 - -12) + 1 - (9 - 11).
-25
Evaluate -53 + (1 - 12 - (17 - 59)).
-22
What is 29 - ((-74 - -87) + 2 + -3 + -1)?
18
Evaluate (48 - 34 - (9 + -27)) + -32.
0
What is the value of (-5 - (10 - 28)) + -19 + -40 + -15?
-61
What is the value of (8 - 7) + -9 + 0 + -29 + (16 - 7)?
-28
Calculate (-11 - (-20 + (-6 - -30))) + 8.
-7
What is 66 - (29 + -19 + -17 - -23)?
50
Evaluate -139 - (-72 - -47) - (-31 + 8).
-91
What is 1 + (34 - -2) + -99 + 107 + 4?
49
Evaluate (7 - -60) + (1 - (16 + (-6 - -3))).
55
42 - (36 - (-7 - (-1 + -16)))
16
Evaluate 40 - ((-15 + -11 + 10 + 12 - -14) + 0).
30
(-9 - (20 - 21)) + 3 + -5 + -11
-21
What is the value of 0 - -53 - (-6380 + 6437)?
-4
Evaluate -8 + -1 + 0 + -20 + (372 - 341).
2
What is the value of (-12 - -3 - ((-24 - 4) + 16)) + -1 + -37?
-35
600 + -628 + 38 + 0 - -118
128
Evaluate 17 - ((-46 - -35) + (0 + 0 - 2)).
30
What is the value of (50 - 50) + 344 + -347?
-3
3 - (-11 - -6) - ((2 - -1) + -5 - 52)
62
What is the value of (0 - 38) + -156 + 333 + -19?
120
Evaluate (8 + -6 + 9 - 4) + 14 + -7 + -25.
-11
What is the value of 74 + 4 + -23 + 7 + -1?
61
-78 - ((7 - 14 - 15 - -15) + 5)
-76
Calculate -2 - (-42 + -10 + 17 + -24).
57
Evaluate 73 + (-112 + -45 - -91).
7
What is -6 + 80 - (291 - 244)?
27
Calculate -2 + (25 - (9 - -7)).
7
What is (-81 - -60) + (-3 - (-1 + 6)) + -3?
-32
What is the value of 91 + (-128 - 1) + (-8 - -1)?
-45
20 - (-7 - (-15 + 10) - (-105 + 122))
39
-129 + ((6 - -4) + -22 - (6 + 3 + -5))
-145
1 - (11 + -19 + 26 + 0)
-17
(29 + 1 + 64 + -82 - 18) + (-42 - 0)
-48
What is the value of -29 + 0 - (-8602 + 8636)?
-63
Calculate 22 + -14 + -14 - -16 - 49.
-39
Evaluate (1 - 0 - (-85 + 87)) + -53 + (-11 - 1).
-66
Evaluate -17 + -17 - -9 - -23 - -58.
56
(-6 - (0 + -2 + 3 + 1)) + (-10448 - -10439)
-17
What is the value of 30 + -9 - (15 + (-37 - -16))?
27
What is the value of 10 - (4 + -18 - (0 - 11)) - (22 + 119)?
-128
-3123 + 3131 + 76 + (5 - (-1 + 4))
86
Calculate -41 + (22 - -61 - 24).
18
1 - -1 - (2 - -3 - 0) - (-30 + 32)
-5
Calculate 27 + -506 + 506 + (0 - -14).
41
Evaluate (-13 + 2 - -5 - 7) + -11 - 11.
-35
Calculate 15 + (55 - (41 - 53)).
82
(251 - 167) + (25 - 22 - (-1 - -1))
87
Evaluate -167 + -39 + (76 - -22).
-108
Evaluate -74 + 81 + -13 + -31.
-37
What is the value of -63 + 2 + 21 + -2 + 5 + (-8 - 8)?
-53
What is the value of (-1 + -1 - -35) + (1273 - 1282) + -14?
10
-107 - (27 - (98 - 23))
-59
0 + 116 - (2 + -35 + 1433 + -1415)
131
Evaluate -8 - -18 - (11 + (82 - 29)).
-54
Calculate (-82 - -33) + 1 + -7 - -17.
-38
What is (9 + 3 - 11 - 2) + 1 + (6 - 11)?
-5
What is the value of -3 - ((1 - (-20 + (11 - -5))) + 52)?
-60
Evaluate (-74 - -437) + -323 + 1 + (1 - (-11 + 1)).
52
What is (-3 - -6 - -47) + (-2 - (1 + -12 + 12))?
47
Evaluate 6 + 111 + (-136 - -62).
43
What is the value of 779 + -732 + (96 - 3)?
140
Calculate 19 + -1 - 23 - (12 - 27).
10
What is 2 + (1 - -2) + -20389 + 20492?
108
1818 + -1704 - (-5 - 29)
148
What is the value of -5 + -24 + -3 - -11 - -16 - (13 - 1)?
-17
Evaluate (3 - -31) + (-220 - -170) - -22.
6
What is the value of 77 + 3 + -21 + 37 + -26?
70
Calculate -33 + (6 - -14) + 1 + 69 + 11.
68
What is -2 + 23 + (168 - (152 + 96))?
-59
Calculate 18 + 26 + -50 + 15.
9
Evaluate 2 + 48 + -2 + 35107 + -35280.
-125
What is 18 + (0 + -11 - 10) + 12 - 49?
-40
(-4 - 2) + 2 + 40 + (13 + -4 - 4)
41
What is 325 + -282 - (61 - -1)?
-19
What is the value of (47 - 26) + (28 - (-7 - -17))?
39
Evaluate 7 + -6 + 11 + -4 + (6 + 0 - -60).
74
-17 + (6 - -1) + 4 - (-14 + 18)
-10
What is the value of 3 - 31 - (3 - ((-68 - -59) + (-3 - -24)))?
-19
Evaluate -13 - (-20 - (-18 - -9)) - -10 - 34.
-26
Evaluate (1185 + -1187 - (12 - (1 - 0))) + 37.
24
Evaluate -9 + (9 + 2 + -7 - -1) + 34.
30
Calculate -76 + 6 + 93 - -45.
68
Evaluate 57 + (-5 - (17 + -14)) + 15 + -8.
56
-13 + -15 + 24 + -8 + -6
-18
Evaluate 101 + -78 + 57 - (3 + -2 + 3).
76
Calculate 29 + (16 - (30 + 6 - 3)).
12
-20 + -5 + 21 - ((26 - -1) + (7 - 7))
-31
Evaluate (-13 - -6 - 28 - -7) + -34.
-62
What is the value of -41 - -10 - (-72 - -1)?
40
(-533 - -532) + (4 - (-4 - -34))
-27
What is the value of 79 - (-12 - (9 - 125))?
-25
What is the value of (43 - 12) + -21 - 7 - -73?
76
-67 + (-67 - -140) - ((1 - 0) + (3 - -3))
-1
(0 - (2 + 46)) + (3 + -14 + 19 - 3)
-43
What is (19 - 10) + 49 - ((-5 - -8) + 2 - 6)?
59
Calculate -4 + (-3 - (68 - (29 + 5))).
-41
Evaluate -19 + -10 + 17 - (15 + -27).
0
What is 29 - (58 - (-66 - -90))?
-5
Evaluate -130 + 83 + -76 + 190.
67
What is the value of -11 - ((124 - -1) + -37) - -40?
-59
-12 - -15 - ((12 - -4 - 5) + 73)
-81
1 + -89 + (-340 - -343) - (5 + -9 - 3)
-78
What is -8973 + 8954 - (-53 - (2 - 0))?
36
Evaluate 95 + 54 + 4 + -65.
88
What is -266 + 213 - -146 - (-7 - (0 - 1))?
99
What is the value of -11 + 1 + 14 + (-33 - -23)?
-6
What is (1 - 3) + 20 + 143 + -124?
37
What is the value of -1 - 32 - (-173 - -188) - (-16 - -4)?
-36
-59 + 0 + -3 + -15 + 20 + 1
-56
What is -84 - (45 - (2 - -94))?
-33
Calculate (37 - 38) + (-5 - -2 - -3 - 47).
-48
-49 + (-40 + -3 - (51 + -23))
-120
What is the value of (-49 + -27 - -43) + 38 - -50?
55
Calculate (-71 + 65 - -7) + -82.
-81
(7 - 0) + (118 - (58 + 23))
44
((-1 - 25) + 0 - -1) + (-25